3
Let l = 3 + 4. Let r(j) = -j**2 - 33*j + 7. Let f be r(-33). What is the greatest common divisor of f and l?
7
Let w be (-30)/(-4)*(-192)/9. Let p be w/6*(-18)/15. Suppose -5*a = -3*v - 225, -a - 119 = -4*a + 5*v. Calculate the greatest common divisor of p and a.
16
Let p(s) be the first derivative of s**3/3 + 11*s - 3. Let u be p(0). Calculate the greatest common divisor of 22 and u.
11
Suppose 0 = -3*q - q + 28. Let t = -17 - -44. Suppose -2*j + t = 5*a, -3 = 2*j + 5. Calculate the greatest common divisor of q and a.
7
Let j be (-1140)/(-14) - ((-55)/35 + 2). Calculate the highest common factor of j and 9.
9
Let a = 4 + -2. Suppose -110 = -5*y + a*s, -y - 3*y + 3*s = -95. Calculate the highest common divisor of y and 8.
4
Suppose j + 5*u = -0*j + 80, -5*j - u = -304. Calculate the greatest common factor of 40 and j.
20
Suppose -4*p = 5*u + 33, 4*u + 5*p - 4*p = -33. Let o = 0 - u. What is the greatest common factor of 36 and o?
9
Suppose 3*v = 3*d - 55 + 235, 0 = -2*d - 6. Calculate the greatest common factor of 19 and v.
19
Suppose 3*o = -5*p + o + 90, 5*o = 0. Let t be (4/10)/((-2)/(-60)*1). Calculate the greatest common divisor of t and p.
6
Suppose q - 3*q + 8 = 0. Let p(j) = -j**3 + 3*j**2 + 5*j. Let d = 5 - 1. Let o be p(d). Calculate the greatest common divisor of q and o.
4
Let j(x) = -x**2 - 7*x + 10. Let f be j(-7). Let w be -30*(26/f - 3). Let v(l) = 4*l**2 - l + 3. Let i be v(-5). What is the highest common divisor of w and i?
12
Let y(h) = -5*h + h**2 + h**2 + 2*h**2 + 0*h**2. Let t be y(-4). Calculate the greatest common factor of 12 and t.
12
Suppose 0 = 5*u - 9 - 11. Suppose 3*b = u*b - 50. What is the highest common divisor of b and 25?
25
Let b(i) = -i - 16. Let q(h) = h**2 - 4*h. Let n be q(4). Let d be b(n). Let x = d - -27. Calculate the highest common factor of x and 55.
11
Let p(z) = -12*z + 24. Let r be p(-7). Let k(q) = q**3 + 5*q**2 + 3*q. Let w be k(-2). Let y = 18 - w. Calculate the highest common divisor of y and r.
12
Suppose -5*u - 11 = -31, l - 3*u = -12. Let b be (6 - l)*(-4)/(-6). Suppose 3*p - 3 = 4*h, 3*p - 5*h + 5 = 8*p. Calculate the highest common factor of b and p.
1
Let g be (-28)/6*(-1 + -14). Let z(c) = -c**3 + c + 10. Let f be z(0). Calculate the greatest common factor of g and f.
10
Suppose -5*z - 24 = 4*b, -16 = 5*b - z + 14. Let r = b - -11. Suppose 3*i - 59 = -r. What is the greatest common factor of i and 12?
6
Let p(m) = -10*m - 3. Let b be p(8). Let o = b - -119. Calculate the greatest common factor of 9 and o.
9
Let m(j) = 3*j**3 - 4*j**2 + 8*j + 3. Let x be m(3). What is the greatest common divisor of x and 9?
9
Let l(d) = -d**3 - 2*d**2 + 3*d + 3. Let r be l(-3). Suppose 2 + 25 = r*x. Calculate the greatest common divisor of x and 72.
9
Let i(a) = -3*a - 1. Let k be i(-1). Suppose 0 = -0*u + k*u - 210. What is the highest common factor of u and 42?
21
Suppose -2*l + 3*l + 3*j - 2 = 0, 3*l - j = 6. Let k be (-10)/(-4) + 1/l. Suppose k = -3*f + 45. Calculate the highest common factor of f and 2.
2
Let n be 26*(-4 - 9/(-2)). What is the greatest common factor of 143 and n?
13
Suppose 3*w = 5*i - 60, 4*w = -4*i - 2 + 18. Let k(a) = a**2 + 2*a. Let q be k(-2). Suppose q*v + 2*v - 6 = 0. What is the greatest common divisor of i and v?
3
Suppose 0 = 5*l - 10*l - 5*b - 120, 3*l + 80 = -b. Let h = 7 + -11. Let z = h - l. Calculate the greatest common factor of 3 and z.
3
Suppose 3*i - 25 = 2*d - 0, -5*i + 3*d + 40 = 0. Suppose -7 = -h + i. Calculate the greatest common divisor of 84 and h.
12
Suppose -d + 70 = d. What is the greatest common factor of d and 5?
5
Let p = 39 - 17. What is the highest common divisor of p and 66?
22
Suppose 0 = -2*n + 3*v + 77 + 115, -3*n + 3*v = -282. Calculate the highest common divisor of 54 and n.
18
Let o be 6 - 4 - 3 - -3. What is the greatest common divisor of 16 and o?
2
Let n(k) be the first derivative of 47*k**3/3 + k**2/2 + k - 1. Let l be n(-1). Suppose l = -2*w + 135. What is the highest common divisor of w and 4?
4
Let m(h) = 7*h - 3. Let j be m(2). What is the greatest common factor of 1 and j?
1
Let s = 28 - 18. What is the highest common factor of 10 and s?
10
Suppose 0*t + 4*t = 72. Suppose 0 = a - t - 22. Calculate the greatest common divisor of 8 and a.
8
Suppose -s + 86 = -3*j - 42, -5*j - 256 = -2*s. What is the greatest common factor of 8 and s?
8
Let o(j) = j - 2. Let m be o(8). Let i(b) = -b**2 + 12*b - 3. Let l be i(m). Calculate the highest common factor of 11 and l.
11
Suppose -31*q = -32*q + 238. What is the highest common factor of q and 34?
34
Let j = -9 - -12. Suppose 0 = -j*g + 7*g - 352. Calculate the greatest common divisor of g and 11.
11
Suppose -3*a + 33 = -0*a. Suppose 3*b - 8 = 4. Let v be (-3)/(-12) - (-131)/b. What is the greatest common factor of v and a?
11
Suppose 4*s = -13 - 47. Let h be 2/s + (-15402)/(-90). What is the greatest common factor of h and 19?
19
Suppose -5*a - 3*w + 182 = 0, 2*a - 18 = -2*w + 58. What is the highest common divisor of a and 51?
17
Let w(f) = 4*f**2 + f + 4. Let y be w(2). What is the greatest common divisor of 33 and y?
11
Let a(h) = 2*h + 3*h + 2 - 4. Let o be a(3). Let z be (-3 - 140/(-21))/((-2)/(-78)). What is the greatest common divisor of z and o?
13
Suppose -4*s = -2*s - 8. What is the highest common factor of s and 2?
2
Let b(f) = 116*f**3 + 3 - 93*f**3 - 3*f - f**2 - 1. Let g be b(2). Calculate the greatest common divisor of 16 and g.
16
Let s = 76 - 13. What is the highest common divisor of s and 9?
9
Let p(k) = 10*k + 2. Let n be p(2). Suppose g - 27 = 4*y, 4*g - 28 = 3*y - 7*y. What is the greatest common factor of n and g?
11
Let n(v) be the second derivative of -v**4/12 - 5*v**3/3 + 3*v**2 - 2*v. Let q be n(-10). Calculate the highest common divisor of 6 and q.
6
Suppose 2*a - 17 = 7. Let n(h) = 2*h**2 + 5*h - 3. Let q be n(3). What is the greatest common factor of q and a?
6
Let r = 50 + -34. Let z = 21 + 43. What is the highest common divisor of z and r?
16
Let u be (1/(-2))/(3/(-18)). Suppose -94 = -n - u*m + 2, 0 = -n + m + 100. What is the greatest common divisor of n and 11?
11
Suppose 5*y - 106 = 4*z, z + 34 + 31 = 3*y. Suppose 0 = u + 5*p - 179, -6*p + 760 = 5*u - 8*p. What is the greatest common factor of y and u?
22
Suppose 0*i = 3*i. Suppose i = -j - 4*p + 10 + 2, 62 = 4*j + 2*p. Suppose -4*n = -j - 56. Calculate the highest common divisor of 9 and n.
9
Let i(h) = 2*h**2 - 4. Let u be i(2). Suppose -u*m - 18 = -74. Calculate the highest common factor of m and 112.
14
Let s(r) = -r + 10. Let t be s(-8). Calculate the greatest common factor of t and 198.
18
Suppose -m + 2*q + 0 = 1, 5*m - q - 13 = 0. Suppose 2*f - 44 = -5*o, -m*o + 5*f = -4*o - 5. What is the greatest common factor of o and 5?
5
Let w(y) = -3*y**2 - y**2 + 9*y**2 - y**3 + 5*y**2 + 2 - 8*y. Let s be w(7). Let b = 169 - s. Calculate the greatest common divisor of 19 and b.
19
Let a be (8 - 5) + 0 - (-133 + 1). Calculate the greatest common factor of a and 15.
15
Suppose -3*p + 11*p - 392 = 0. What is the greatest common divisor of 21 and p?
7
Let q = 1 - -255. What is the highest common factor of 32 and q?
32
Let y = -162 + 247. Suppose g - 13 = -3*j, -2*g - 5*j + y = 3*g. Suppose 4*b - 604 = -0*b - 2*z, 4*b = z + 610. What is the highest common divisor of g and b?
19
Let j(z) = 0*z**2 - 1 + 7 + z**2 - 8*z. Let f be j(6). Let v = f - -17. What is the highest common divisor of v and 1?
1
Let g = 4 + -1. Let u be 6/g + -2 + 60. What is the highest common factor of 12 and u?
12
Let h = -9 + 19. Let c(i) be the second derivative of i**5/20 - i**4/3 + 2*i**3/3 - i**2/2 + 6*i. Let j be c(4). What is the highest common factor of h and j?
5
Let z be ((61 + -1)/4)/(9/6). Calculate the highest common factor of z and 50.
10
Let b(d) = -11*d - 5. Let v be b(-5). Let s = 122 + -47. What is the greatest common factor of s and v?
25
Let m be (0 - (2 + -1))*-8. Suppose 9*t - 165 = m*t. What is the highest common divisor of 15 and t?
15
Suppose x - 36 = -k, 3*x + 4 = 2*x. What is the highest common factor of 5 and k?
5
Let z(m) = m**2 + m - 3. Let t be z(0). Let n be ((-1)/t)/(1/165). What is the greatest common divisor of 11 and n?
11
Let r = 3 - 1. Suppose y - r*u - 11 = 0, -u - 22 = -2*y - 2*u. Suppose y = -0*p + 